{"id":6781,"date":"2024-04-18T14:55:12","date_gmt":"2024-04-18T11:55:12","guid":{"rendered":"https:\/\/www.ojasaare.ee\/?page_id=6781"},"modified":"2026-03-16T19:08:50","modified_gmt":"2026-03-16T17:08:50","slug":"golfi-uritused","status":"publish","type":"page","link":"https:\/\/www.ojasaare.ee\/?page_id=6781","title":{"rendered":"Golfi v\u00f5istlused"},"content":{"rendered":"\n<p>03. &#8211; 04. juuli &#8211; <a href=\"https:\/\/www.ojasaare.ee\/?page_id=7803\">Optibet esitleb: Ojasaare \u00d6\u00f6golf 2026<\/a><a href=\"https:\/\/www.ojasaare.ee\/?page_id=7803\"> \/ Optibet presents: Ojasaare Night Golf 2026<\/a><\/p>\n<p>19. juuli &#8211; <a href=\"https:\/\/www.ojasaare.ee\/?page_id=7813\">Optibet esitleb: Pitch &amp; Putt<\/a><\/p>\n","protected":false},"excerpt":{"rendered":"<p>03. &#8211; 04. juuli &#8211; Optibet esitleb: Ojasaare \u00d6\u00f6golf 2026 \/ Optibet presents: Ojasaare Night Golf 2026 19. juuli &#8211; Optibet esitleb: Pitch &amp; Putt<\/p>\n","protected":false},"author":1,"featured_media":0,"parent":0,"menu_order":0,"comment_status":"closed","ping_status":"closed","template":"","meta":{"footnotes":""},"yoast_head":"<!-- This site is optimized with the Yoast SEO plugin v24.5 - https:\/\/yoast.com\/wordpress\/plugins\/seo\/ -->\n<title>Golfi v\u00f5istlused - Ojasaare Puhketalu<\/title>\n<meta name=\"robots\" content=\"index, follow, max-snippet:-1, max-image-preview:large, max-video-preview:-1\" \/>\n<link rel=\"canonical\" href=\"http:\/\/www.ojasaare.ee\/?page_id=6781\" \/>\n<meta property=\"og:locale\" content=\"et_EE\" \/>\n<meta property=\"og:type\" content=\"article\" \/>\n<meta property=\"og:title\" content=\"Golfi v\u00f5istlused - Ojasaare Puhketalu\" \/>\n<meta property=\"og:description\" content=\"03. &#8211; 04. juuli &#8211; Optibet esitleb: Ojasaare \u00d6\u00f6golf 2026 \/ Optibet presents: Ojasaare Night Golf 2026 19. juuli &#8211; Optibet esitleb: Pitch &amp; Putt\" \/>\n<meta property=\"og:url\" content=\"http:\/\/www.ojasaare.ee\/?page_id=6781\" \/>\n<meta property=\"og:site_name\" content=\"Ojasaare Puhketalu\" \/>\n<meta property=\"article:modified_time\" content=\"2026-03-16T17:08:50+00:00\" \/>\n<meta name=\"twitter:card\" content=\"summary_large_image\" \/>\n<script type=\"application\/ld+json\" class=\"yoast-schema-graph\">{\"@context\":\"https:\/\/schema.org\",\"@graph\":[{\"@type\":\"WebPage\",\"@id\":\"http:\/\/www.ojasaare.ee\/?page_id=6781\",\"url\":\"http:\/\/www.ojasaare.ee\/?page_id=6781\",\"name\":\"Golfi v\u00f5istlused - Ojasaare Puhketalu\",\"isPartOf\":{\"@id\":\"http:\/\/www.ojasaare.ee\/#website\"},\"datePublished\":\"2024-04-18T11:55:12+00:00\",\"dateModified\":\"2026-03-16T17:08:50+00:00\",\"breadcrumb\":{\"@id\":\"http:\/\/www.ojasaare.ee\/?page_id=6781#breadcrumb\"},\"inLanguage\":\"et\",\"potentialAction\":[{\"@type\":\"ReadAction\",\"target\":[\"http:\/\/www.ojasaare.ee\/?page_id=6781\"]}]},{\"@type\":\"BreadcrumbList\",\"@id\":\"http:\/\/www.ojasaare.ee\/?page_id=6781#breadcrumb\",\"itemListElement\":[{\"@type\":\"ListItem\",\"position\":1,\"name\":\"Home\",\"item\":\"http:\/\/www.ojasaare.ee\/\"},{\"@type\":\"ListItem\",\"position\":2,\"name\":\"Golfi v\u00f5istlused\"}]},{\"@type\":\"WebSite\",\"@id\":\"http:\/\/www.ojasaare.ee\/#website\",\"url\":\"http:\/\/www.ojasaare.ee\/\",\"name\":\"Ojasaare Puhketalu\",\"description\":\"Tule ja puhka\",\"publisher\":{\"@id\":\"http:\/\/www.ojasaare.ee\/#organization\"},\"potentialAction\":[{\"@type\":\"SearchAction\",\"target\":{\"@type\":\"EntryPoint\",\"urlTemplate\":\"http:\/\/www.ojasaare.ee\/?s={search_term_string}\"},\"query-input\":{\"@type\":\"PropertyValueSpecification\",\"valueRequired\":true,\"valueName\":\"search_term_string\"}}],\"inLanguage\":\"et\"},{\"@type\":\"Organization\",\"@id\":\"http:\/\/www.ojasaare.ee\/#organization\",\"name\":\"Ojasaare Puhketalu\",\"url\":\"http:\/\/www.ojasaare.ee\/\",\"logo\":{\"@type\":\"ImageObject\",\"inLanguage\":\"et\",\"@id\":\"http:\/\/www.ojasaare.ee\/#\/schema\/logo\/image\/\",\"url\":\"https:\/\/www.ojasaare.ee\/wp-content\/uploads\/2024\/04\/cropped-logo_mark_transp-2.png\",\"contentUrl\":\"https:\/\/www.ojasaare.ee\/wp-content\/uploads\/2024\/04\/cropped-logo_mark_transp-2.png\",\"width\":250,\"height\":250,\"caption\":\"Ojasaare Puhketalu\"},\"image\":{\"@id\":\"http:\/\/www.ojasaare.ee\/#\/schema\/logo\/image\/\"}}]}<\/script>\n<!-- \/ Yoast SEO plugin. -->","yoast_head_json":{"title":"Golfi v\u00f5istlused - Ojasaare Puhketalu","robots":{"index":"index","follow":"follow","max-snippet":"max-snippet:-1","max-image-preview":"max-image-preview:large","max-video-preview":"max-video-preview:-1"},"canonical":"http:\/\/www.ojasaare.ee\/?page_id=6781","og_locale":"et_EE","og_type":"article","og_title":"Golfi v\u00f5istlused - Ojasaare Puhketalu","og_description":"03. &#8211; 04. juuli &#8211; Optibet esitleb: Ojasaare \u00d6\u00f6golf 2026 \/ Optibet presents: Ojasaare Night Golf 2026 19. juuli &#8211; Optibet esitleb: Pitch &amp; Putt","og_url":"http:\/\/www.ojasaare.ee\/?page_id=6781","og_site_name":"Ojasaare Puhketalu","article_modified_time":"2026-03-16T17:08:50+00:00","twitter_card":"summary_large_image","schema":{"@context":"https:\/\/schema.org","@graph":[{"@type":"WebPage","@id":"http:\/\/www.ojasaare.ee\/?page_id=6781","url":"http:\/\/www.ojasaare.ee\/?page_id=6781","name":"Golfi v\u00f5istlused - Ojasaare Puhketalu","isPartOf":{"@id":"http:\/\/www.ojasaare.ee\/#website"},"datePublished":"2024-04-18T11:55:12+00:00","dateModified":"2026-03-16T17:08:50+00:00","breadcrumb":{"@id":"http:\/\/www.ojasaare.ee\/?page_id=6781#breadcrumb"},"inLanguage":"et","potentialAction":[{"@type":"ReadAction","target":["http:\/\/www.ojasaare.ee\/?page_id=6781"]}]},{"@type":"BreadcrumbList","@id":"http:\/\/www.ojasaare.ee\/?page_id=6781#breadcrumb","itemListElement":[{"@type":"ListItem","position":1,"name":"Home","item":"http:\/\/www.ojasaare.ee\/"},{"@type":"ListItem","position":2,"name":"Golfi v\u00f5istlused"}]},{"@type":"WebSite","@id":"http:\/\/www.ojasaare.ee\/#website","url":"http:\/\/www.ojasaare.ee\/","name":"Ojasaare Puhketalu","description":"Tule ja puhka","publisher":{"@id":"http:\/\/www.ojasaare.ee\/#organization"},"potentialAction":[{"@type":"SearchAction","target":{"@type":"EntryPoint","urlTemplate":"http:\/\/www.ojasaare.ee\/?s={search_term_string}"},"query-input":{"@type":"PropertyValueSpecification","valueRequired":true,"valueName":"search_term_string"}}],"inLanguage":"et"},{"@type":"Organization","@id":"http:\/\/www.ojasaare.ee\/#organization","name":"Ojasaare Puhketalu","url":"http:\/\/www.ojasaare.ee\/","logo":{"@type":"ImageObject","inLanguage":"et","@id":"http:\/\/www.ojasaare.ee\/#\/schema\/logo\/image\/","url":"https:\/\/www.ojasaare.ee\/wp-content\/uploads\/2024\/04\/cropped-logo_mark_transp-2.png","contentUrl":"https:\/\/www.ojasaare.ee\/wp-content\/uploads\/2024\/04\/cropped-logo_mark_transp-2.png","width":250,"height":250,"caption":"Ojasaare Puhketalu"},"image":{"@id":"http:\/\/www.ojasaare.ee\/#\/schema\/logo\/image\/"}}]}},"_links":{"self":[{"href":"https:\/\/www.ojasaare.ee\/index.php?rest_route=\/wp\/v2\/pages\/6781"}],"collection":[{"href":"https:\/\/www.ojasaare.ee\/index.php?rest_route=\/wp\/v2\/pages"}],"about":[{"href":"https:\/\/www.ojasaare.ee\/index.php?rest_route=\/wp\/v2\/types\/page"}],"author":[{"embeddable":true,"href":"https:\/\/www.ojasaare.ee\/index.php?rest_route=\/wp\/v2\/users\/1"}],"replies":[{"embeddable":true,"href":"https:\/\/www.ojasaare.ee\/index.php?rest_route=%2Fwp%2Fv2%2Fcomments&post=6781"}],"version-history":[{"count":71,"href":"https:\/\/www.ojasaare.ee\/index.php?rest_route=\/wp\/v2\/pages\/6781\/revisions"}],"predecessor-version":[{"id":7838,"href":"https:\/\/www.ojasaare.ee\/index.php?rest_route=\/wp\/v2\/pages\/6781\/revisions\/7838"}],"wp:attachment":[{"href":"https:\/\/www.ojasaare.ee\/index.php?rest_route=%2Fwp%2Fv2%2Fmedia&parent=6781"}],"curies":[{"name":"wp","href":"https:\/\/api.w.org\/{rel}","templated":true}]}}